. Determine k(3).
-6
Suppose -203*b + 11 = -202*b. Let p(o) = o**3 - 10*o**2 - 9*o - 15. Give p(b).
7
Let f(x) = x - 418 + 412 + 3*x. Calculate f(5).
14
Let s(f) = f**2 + 3*f - 5. Let r(w) = 8*w - 19. Let o be r(3). Suppose o*h + 11 + 9 = 0. Determine s(h).
-1
Let k be (-6)/9*(-12)/(-8). Let x(y) = 7*y**3 + 5*y**2 - 7*y - 2. Let m(c) = c**3 + c**2 - c - 1. Let z(f) = k*x(f) + 6*m(f). Determine z(0).
-4
Let r(m) be the first derivative of 3*m**4/4 - 2*m**3/3 - m**2 + 2*m - 2. Let i(a) = -a**3 + 15*a**2 + 25*a - 142. Let c be i(16). What is r(c)?
14
Suppose 9*t = 10*t + 3. Let z(y) = -y**2 + y + 2. Determine z(t).
-10
Let w(d) be the third derivative of 0*d - 4/3*d**3 + 1/24*d**4 - 36*d**2 + 0. Determine w(8).
0
Let b(r) = -r**2 + 22. Let q be b(5). Let v(k) = -k**3 - 4*k**2 - k + 7. Give v(q).
1
Let c(g) be the third derivative of 1/20*g**5 + 1/6*g**3 - 1/8*g**4 + 0 + 0*g + 24*g**2. Calculate c(2).
7
Suppose 13 = 4*l - 3*v, 4 - 3 = -2*l - v. Let t(c) = -427 + 427 + 2*c**3. Calculate t(l).
2
Let z(d) = -4*d**3 - 5*d**2 + 4*d - 2. Let i(r) = -5*r**3 - 7*r**2 + 5*r - 3. Let w(l) = 3*i(l) - 4*z(l). Give w(2).
1
Let t(m) = -m + 7. Let x(y) = -2*y + 23. Let l(s) = -3*t(s) + x(s). Give l(-1).
1
Let l(h) be the third derivative of h**5/60 + h**4/3 - h**3/6 + 78*h**2. Suppose 6*u + 32 = 2*u. Let k = 2 + u. Calculate l(k).
-13
Let g(n) be the third derivative of -n**7/5040 - n**6/144 + n**5/10 + 3*n**2. Let z(b) be the third derivative of g(b). What is z(4)?
-9
Let z be (9/6)/((-12)/(-16)). Let v(w) = 482*w + 5*w**3 + 1 - w**z - 482*w. Let f(a) = 4*a - 7. Let g be f(2). What is v(g)?
5
Suppose 0 = -2*r + 3*r - 5. Let l(p) = -3 + 136*p + 2 + r*p**2 - 130*p + 2 - p**3. Determine l(6).
1
Let y(p) = -4*p + 20. Suppose 4*h + 3*o - 39 = 0, 25 = 5*h - 2*o + o. Give y(h).
-4
Let w(u) = 2*u**3 + u**2 + 2*u + 1. Let z be ((-2)/3)/((-6)/(-27)). Let a = -8 - z. Let k = 4 + a. Determine w(k).
-2
Suppose -8*t = -52 - 4. Let i be (-2)/((-4)/10 - 0). Let l(n) = 3*n + 4*n**2 - t + 1 - 2 + n**3 + i. Calculate l(-4).
-15
Let m(n) = -n**3 - 3*n**2 + 4. Suppose 4*p = 12*p + 280. Let o = p + 32. What is m(o)?
4
Suppose 3*k - 5*k + 3*o = -16, k - 19 = -4*o. Let c(d) = -26*d**3 + d**2 + k*d**3 + 16*d**3 - 2 - 3*d. Give c(-2).
0
Let q(i) be the first derivative of -12 - 1/2*i**2 + 0*i. Let h(n) = -n**2 - 4*n + 1. Let d be h(-5). Calculate q(d).
4
Let j = 14 - 20. Let z(r) = 12*r + 6. Let x(l) = -4*l - 2. Let u(p) = j*z(p) - 17*x(p). Let q = -4 + 2. Determine u(q).
6
Let j(d) = 2*d + 3. Let v be (-6)/(-15) - (-32)/(-5). Let b be v/(-15) + (-34)/10. Let p be j(b). Let w(x) = -x**2 - 3*x. What is w(p)?
0
Let m be (6 - (2 + 6)) + -2 + 2. Let z(o) = 19*o + 3. Determine z(m).
-35
Suppose -5*a + 2*f = 20, -5*a = -f - 0 + 20. Let d(o) = 3*o - 26. Let j(v) = 8*v - 78. Let n(y) = a*j(y) + 11*d(y). What is n(0)?
26
Let o be (0 - 1)/(-2)*8. Suppose q = -q - o*h - 8, 4*q + h = -23. Let s be (-2)/(-3)*(-9)/q. Let t(r) = -10*r**3 - 1. Determine t(s).
-11
Let o(w) be the third derivative of -w**7/2520 + w**6/120 + 3*w**5/20 - 8*w**2. Let p(y) be the third derivative of o(y). Let q = -10 + 16. Give p(q).
-6
Let m(c) = 55 + 57 - 120 - c + 2*c. Give m(12).
4
Let b(l) = l - 2 + 0*l + 6*l - 4*l. Let r be b(2). Let t be r*(-3 + 2) - 0. Let z(x) = -x**2 - 6*x - 5. What is z(t)?
3
Let c(q) = 1 + 5*q + q**2 + 2*q**2 - 4*q**2 - 8*q**2 + 17*q**2. Calculate c(-3).
58
Let c(n) = 2*n**3 + n. Let q(p) = -11*p**3 + 7*p**2 + 3*p - 7. Let j(w) = 5*c(w) + q(w). What is j(8)?
-7
Suppose -5*j - 8 = -o, -5*j - 43 = 2*o + 2*o. Let y(a) = -a**3 - 9*a**2 - 9*a - 1. Give y(o).
-36
Let k be (-2)/1*(-28 + 26). Let d(f) = -2*f**2 + 2*f + 3. Give d(k).
-21
Let s(n) = -n**2 - n - 2. Suppose 5*d = d - 60. Let u be (-14)/10 + (-6)/d. Let w = u + 3. Give s(w).
-8
Let f(l) = -8*l**2 + 4*l + 3. Let g(h) = 15*h**2 - 7*h - 6. Let s(z) = -11*f(z) - 6*g(z). Let d(y) = -y - 1. Let x be d(2). Calculate s(x).
-9
Let m(q) = -q**3 + 7*q**2 - 3*q + 8. Let r be (-18 - -31) + 2/(-2). Let d = -5 + r. Determine m(d).
-13
Let c(n) be the first derivative of n**6/120 + n**5/60 - n**4/12 - n**3/6 - 11*n**2/2 + 13. Let g(q) be the second derivative of c(q). Give g(-2).
-1
Suppose -7*o + 16*o - 18 = 0. Let b(p) = 7*p - p**o - 3*p - 7*p. Calculate b(-4).
-4
Let q(s) = s + 30. Let n(d) = d + 59. Let v(l) = 3*n(l) - 5*q(l). Give v(18).
-9
Let k(f) be the second derivative of 0 + 2/3*f**3 + 1/2*f**2 - 1/12*f**4 + 4*f. Give k(6).
-11
Let u be 8*1 + 1 + 17/(-17). Suppose 3*r + 3*p - u*p = 3, 5*r = 5*p - 5. Let x(f) = -f + 5 - 5. What is x(r)?
4
Let d(c) be the second derivative of c**4/12 - c**3/2 - 4*c**2 - 69*c. Give d(6).
10
Suppose -31 = -8*a - 7. Let m(q) = 2 + 2*q**2 - 142*q**3 + 144*q**3 - a. Calculate m(-1).
-1
Let q(v) = 2*v**2 - 1. Let f(l) = -4*l + 1. Let u be f(0). Suppose 0 = -5*c + u + 9. Calculate q(c).
7
Let h(i) be the second derivative of i**3/6 + 3*i**2 + 99*i. Suppose -r + 3 = 7. Let b(v) = 3*v + 18. Let d(j) = r*b(j) + 11*h(j). What is d(-6)?
0
Let y(v) = -467 + 3*v**2 + 236 - v**3 - v + 229. Determine y(3).
-5
Let o(v) be the first derivative of -v**3/3 + 2*v**2 - 2*v + 2. Let h be o(2). Let c(u) = 1 - 2 + 4*u**2 + 2 - 2*u**2. What is c(h)?
9
Let m(c) be the third derivative of -c**6/720 - c**5/60 - 11*c**4/24 + 3*c**2. Let p(r) be the second derivative of m(r). Give p(-6).
4
Let q(w) = -2*w + 2. Suppose -3*k + 10 = f + 26, 0 = 3*f + 4*k + 33. Determine q(f).
16
Let c(r) = -2*r**2 - 6*r - 2. Let d be c(-2). Suppose d*t - 20 = 4*u - 2*t, -t - 19 = 3*u. Let m(q) = -q - 3. Determine m(u).
3
Let b(d) = -10*d**3 + 15*d**2 - 22*d. Let n(x) = -3*x**3 + 5*x**2 - 7*x. Let i(q) = 2*b(q) - 7*n(q). Determine i(4).
4
Suppose -10 = -5*f, 3*f = 3*b - 0*f + 18. Suppose 0*h - 2*h + 6 = 0. Let z(o) = -1 - 2*o + 0*o**h - 4*o**2 - o**3 - 2. What is z(b)?
5
Let j(c) = -c**2 - c + 1. Let g(f) = 8*f + 2. Let w(y) = g(y) + 2*j(y). Give w(5).
-16
Let z(q) = q**2 - 7*q - 3. Let g = 3 + 3. Suppose 23*k = 28*k - 20. Suppose g = -k*l + 5*l. Determine z(l).
-9
Suppose -2*t = -y - 19, 0 = -t + 4*t + 2*y - 46. Let g = t + -9. Let q(w) = -3 + w**3 - 10*w**2 - g + 4*w**2. Give q(6).
-6
Let f(d) = 0*d**2 - 14*d**2 - d + 1078 - 1079. What is f(-1)?
-14
Let m(u) be the first derivative of -1/4*u**4 - 1/3*u**3 - 2*u + 3/2*u**2 - 2. Let f(x) = -8*x**3 - 95*x**2 + 13*x + 9. Let i be f(-12). What is m(i)?
7
Suppose b = 2*b - 9. Let r(d) = 156 - d**2 + 8*d - 315 + 161. What is r(b)?
-7
Suppose 0 = 5*v + 4*l + 3, 5*v + 4*l + l = -5. Let y(c) be the second derivative of 0 - 1/2*c**2 - 1/2*c**3 + 2*c. What is y(v)?
-4
Let w(x) = x**2 - 8*x - 6. Let n(v) = -v**3 + 19*v**2 + 20*v + 5. Let p(c) = -c**2 - 9*c. Let i be p(-4). Let a be n(i). What is w(a)?
-21
Suppose -2732*r + 3 = -2729*r. Let h(w) = 16*w + 3. What is h(r)?
19
Let w(i) = -12*i**2 + 4*i - 3. Let y = -356 + 358. Calculate w(y).
-43
Let o(q) be the first derivative of -q**4/4 - 8*q**3/3 - 3*q**2/2 - 10*q + 33. Give o(-8).
14
Let t(v) = v**2 - 6*v + 2. Suppose -a - 19 = -4*i - 9, -2*i - 3*a + 12 = 0. What is t(i)?
-7
Let y(l) be the first derivative of -l**4/4 + l**3 + l**2 + 5*l + 2470. Let o be 1*(0 + 4) - 0. Give y(o).
-3
Let q(i) = -i**3 - 4*i**2 - i + 9. Let z(o) be the second derivative of -o**5/20 - o**4/4 + 4*o**2 - 4*o. Let m(p) = -5*q(p) + 6*z(p). Give m(4).
-9
Let l(q) = -6*q + 1. Let k(f) = 3*f**2 - 1. Let v(m) = -m**2 - 6*m - 4. Let o be v(-8). Let t be 5/o + (-6)/8. Let x be k(t). What is l(x)?
-11
Let j(k) be the first derivative of k + 27 + 1/2*k**2 + 1/3*k**3. Suppose 0 = 4*t - 3*q - 6, 0 = -0*t - 2*t - 5*q - 10. What is j(t)?
1
Let v(p) be the second derivative of p**3/3 - p**2 - 2*p. Suppose 0 = 6*w - w - 15. Let t be (-2 + 17)/w - (3 - 3). Give v(t).
8
Let x(q) = q**3 + 16*q**2 - 16*q + 13. Let l be x(-17). Let m be (-9 + 1)*(-2)/l. Let w(f) = -f**2 - 2*f. What is w(m)?
-8
Let l = 32 + -11. Let m = 22 - l. Let x(t) = -t**2 + 2*t - 1. Determine x(m).
0
Let d be (9 - -15)*(-2)/(-4). Suppose -4*z - d = -8. Let n(l) = -l. Determine n(z).
1
Let h(b) = -96 - 19*b + 92 + 20*b - b**2. What is h(0)?
-4
Let d = 24 - 55. Let s = d + 33. Let c(x) = 3*x**2 - 4*x + 2. Determine c(s).
6
Let y(g) be the third derivative of 1/2*g**3 - 1/30*g**5 + 8*g**2 - 1/6*g**4 + 0 + 1/120*g**6 + 0*g. Calculate y(3).
0
Let s